{"id":12,"date":"2014-04-20T16:35:25","date_gmt":"2014-04-20T16:35:25","guid":{"rendered":"http:\/\/www.meister-der-mandoline.de\/?page_id=12"},"modified":"2020-08-18T14:14:12","modified_gmt":"2020-08-18T12:14:12","slug":"musiker","status":"publish","type":"page","link":"https:\/\/www.meister-der-mandoline.de\/?page_id=12","title":{"rendered":"KLAUS WUCKELT"},"content":{"rendered":"<h1><em>\u00dcber Friedrich Silcher und Japan<\/em><br \/>\n<em> zur\u00fcck zum einfachen Lied<\/em><\/h1>\n<table style=\"height: 299px; width: 620px;\">\n<tbody>\n<tr>\n<td style=\"width: 274px;\"><img loading=\"lazy\" decoding=\"async\" class=\"alignnone wp-image-528 size-full\" src=\"https:\/\/www.meister-der-mandoline.de\/wp-content\/uploads\/2014\/08\/klauswuckelt_2014-kl.jpg\" alt=\"\" width=\"358\" height=\"437\" srcset=\"https:\/\/www.meister-der-mandoline.de\/wp-content\/uploads\/2014\/08\/klauswuckelt_2014-kl.jpg 358w, https:\/\/www.meister-der-mandoline.de\/wp-content\/uploads\/2014\/08\/klauswuckelt_2014-kl-245x300.jpg 245w\" sizes=\"auto, (max-width: 358px) 100vw, 358px\" \/><\/td>\n<td style=\"width: 24.3px;\"><\/td>\n<td style=\"width: 255.7px;\">Klaus Wuckelt spielt seit fr\u00fchester Kindheit Mandoline. Er war Meistersch\u00fcler von Takashi Ochi, Konzertmeister und Solist im \u201eW\u00fcrttembergischen Zupforchester\u201c, und mehrere Konzertreisen f\u00fchrten ihn durch ganz Japan, in die USA und in verschiedene europ\u00e4ische L\u00e4nder.<\/td>\n<\/tr>\n<\/tbody>\n<\/table>\n<hr \/>\n<p><strong>Auftrittsorte u.a.<br \/>\n<\/strong><\/p>\n<ul>\n<li style=\"list-style-type: none;\">\n<ul>\n<li>New York: Carnegie Hall, 2007<\/li>\n<li>Wien: Goldener Saal im Musikvereinsgeb\u00e4ude, 2007<\/li>\n<li>Nara: Konzert im Todai-ji, zu Ehren Buddhas, 2003 und 2008<\/li>\n<\/ul>\n<\/li>\n<\/ul>\n<p><strong>Funk und Fernsehen<br \/>\n<\/strong><\/p>\n<ul>\n<li style=\"list-style-type: none;\">\n<ul>\n<li>zahlreiche Rundfunkaufnahmen beim SWR und BR<\/li>\n<li>1993 drehte das Bayerische Fernsehen ein 45-min\u00fctiges Portr\u00e4t \u00fcber Klaus Wuckelt mit dem Titel \u201eMandolinenspieler im Schwabenland\u201c<\/li>\n<\/ul>\n<\/li>\n<\/ul>\n<p><strong>Ausstellung<br \/>\n<\/strong><\/p>\n<ul>\n<li style=\"list-style-type: none;\">\n<ul>\n<li>&#8222;Ich und Ich. Gesichter&#8220; Horst Alexy, 2018<\/li>\n<\/ul>\n<\/li>\n<\/ul>\n<p>Ein St\u00fcck Kulturgeschichte: Der Fotograf Horst Alexy portraitiert seit 2009 bedeutende Kulturschaffende aus der Region G\u00f6ppingen. Klaus Wuckelt geh\u00f6rte zu den ersten beteiligten K\u00fcnstlern zu Beginn des Projekts. Es entstanden zwei Portraits: Eines, wie jeder andere die portraitierte Person sieht und eines, wie sich diese Person selbst im Spiegel sieht. Zwei Bilder ein und derselben Person, Identit\u00e4t aus zwei grunds\u00e4tzlich verschiedenen Perspektiven betrachtet.<\/p>\n<p>Zu sehen in einer Ausstellung auf Schloss Filseck 2018<br \/>\nund ver\u00f6ffenlicht in einem 160-seitigen Bildband:<br \/>\n<em>Horst Alexy. Ich und Ich. Gesichter<\/em><br \/>\nISBN\/GTIN978-3-947317-04-2<br \/>\nHerausgeber: Kai Bleifu\u00df, Werner Meyer, Tina Stroheker<br \/>\nVerlag: Kunsthalle Stadt G\u00f6ppingen<\/p>\n","protected":false},"excerpt":{"rendered":"<p>\u00dcber Friedrich Silcher und Japan zur\u00fcck zum einfachen Lied Klaus Wuckelt spielt seit fr\u00fchester Kindheit Mandoline. Er war Meistersch\u00fcler von Takashi Ochi, Konzertmeister und Solist im \u201eW\u00fcrttembergischen Zupforchester\u201c, und mehrere Konzertreisen f\u00fchrten ihn durch ganz Japan, in die USA und in verschiedene europ\u00e4ische L\u00e4nder. Auftrittsorte u.a. New York: Carnegie Hall, 2007 Wien: Goldener Saal im &hellip; <a href=\"https:\/\/www.meister-der-mandoline.de\/?page_id=12\" class=\"more-link\"><span class=\"screen-reader-text\">KLAUS WUCKELT<\/span> weiterlesen <span class=\"meta-nav\">&rarr;<\/span><\/a><\/p>\n","protected":false},"author":3,"featured_media":0,"parent":0,"menu_order":2,"comment_status":"closed","ping_status":"closed","template":"","meta":{"footnotes":""},"class_list":["post-12","page","type-page","status-publish","hentry"],"_links":{"self":[{"href":"https:\/\/www.meister-der-mandoline.de\/index.php?rest_route=\/wp\/v2\/pages\/12","targetHints":{"allow":["GET"]}}],"collection":[{"href":"https:\/\/www.meister-der-mandoline.de\/index.php?rest_route=\/wp\/v2\/pages"}],"about":[{"href":"https:\/\/www.meister-der-mandoline.de\/index.php?rest_route=\/wp\/v2\/types\/page"}],"author":[{"embeddable":true,"href":"https:\/\/www.meister-der-mandoline.de\/index.php?rest_route=\/wp\/v2\/users\/3"}],"replies":[{"embeddable":true,"href":"https:\/\/www.meister-der-mandoline.de\/index.php?rest_route=%2Fwp%2Fv2%2Fcomments&post=12"}],"version-history":[{"count":35,"href":"https:\/\/www.meister-der-mandoline.de\/index.php?rest_route=\/wp\/v2\/pages\/12\/revisions"}],"predecessor-version":[{"id":887,"href":"https:\/\/www.meister-der-mandoline.de\/index.php?rest_route=\/wp\/v2\/pages\/12\/revisions\/887"}],"wp:attachment":[{"href":"https:\/\/www.meister-der-mandoline.de\/index.php?rest_route=%2Fwp%2Fv2%2Fmedia&parent=12"}],"curies":[{"name":"wp","href":"https:\/\/api.w.org\/{rel}","templated":true}]}}