{"id":2,"date":"2014-04-20T14:33:51","date_gmt":"2014-04-20T14:33:51","guid":{"rendered":"http:\/\/www.meister-der-mandoline.de\/?page_id=2"},"modified":"2020-11-19T15:28:15","modified_gmt":"2020-11-19T14:28:15","slug":"sample-page","status":"publish","type":"page","link":"https:\/\/www.meister-der-mandoline.de\/","title":{"rendered":"HOME"},"content":{"rendered":"<h1><em>Vom\u00a0Motor der Musik,<br \/>\nder die Herzen der Menschen<br \/>\nerreicht<strong><br \/>\n<\/strong><\/em><\/h1>\n<table>\n<tbody>\n<tr>\n<td><a href=\"https:\/\/www.meister-der-mandoline.de\/?page_id=413\"><img loading=\"lazy\" decoding=\"async\" class=\"mouseover alignnone wp-image-507\" src=\"https:\/\/www.meister-der-mandoline.de\/wp-content\/uploads\/2014\/08\/teaser1-kwt-neu.jpg\" alt=\"\" width=\"193\" height=\"210\" oversrc=\"https:\/\/www.meister-der-mandoline.de\/wp-content\/uploads\/2014\/08\/teaser1-kwt-2-neu.jpg\" \/><\/a><\/td>\n<td><a href=\"https:\/\/www.meister-der-mandoline.de\/?page_id=33\"><img loading=\"lazy\" decoding=\"async\" class=\"mouseover alignnone wp-image-313 size-full\" src=\"https:\/\/www.meister-der-mandoline.de\/wp-content\/uploads\/2014\/05\/teaser2.jpg\" alt=\"teaser2\" width=\"192\" height=\"210\" oversrc=\"https:\/\/www.meister-der-mandoline.de\/wp-content\/uploads\/2014\/05\/teaser2-2.jpg\" \/><\/a><\/td>\n<td><a href=\"https:\/\/www.meister-der-mandoline.de\/?page_id=42\"><img loading=\"lazy\" decoding=\"async\" class=\"mouseover alignnone wp-image-314 size-full\" src=\"https:\/\/www.meister-der-mandoline.de\/wp-content\/uploads\/2014\/05\/teaser3.jpg\" alt=\"teaser3\" width=\"192\" height=\"210\" oversrc=\"https:\/\/www.meister-der-mandoline.de\/wp-content\/uploads\/2014\/05\/teaser3-3.jpg\" \/><\/a><\/td>\n<\/tr>\n<\/tbody>\n<\/table>\n<hr \/>\n<p><strong><em>Herzlich Willkommen!<\/em><br \/>\n<\/strong>Sch\u00f6n, dass Sie sich die Zeit nehmen, hier vorbeizuschauen.<br \/>\nAuf diesen Seiten finden Sie neben Informationen zu Klaus Wuckelt als Musiker auch Wissenswertes \u00fcber die einzigartigen <a href=\"https:\/\/www.meister-der-mandoline.de\/?page_id=33\">Instrumente<\/a>, die er spielt, sowie seine <a href=\"https:\/\/www.meister-der-mandoline.de\/?page_id=413\">Ensembles<\/a>. Im Bereich <a href=\"https:\/\/www.meister-der-mandoline.de\/?page_id=42\">CDs <\/a>k\u00f6nnen Sie sich einen \u00dcberblick \u00fcber bereits ver\u00f6ffentlichte Alben verschaffen und Bestellungen aufgeben.<\/p>\n","protected":false},"excerpt":{"rendered":"<p>Vom\u00a0Motor der Musik, der die Herzen der Menschen erreicht Herzlich Willkommen! Sch\u00f6n, dass Sie sich die Zeit nehmen, hier vorbeizuschauen. Auf diesen Seiten finden Sie neben Informationen zu Klaus Wuckelt als Musiker auch Wissenswertes \u00fcber die einzigartigen Instrumente, die er spielt, sowie seine Ensembles. Im Bereich CDs k\u00f6nnen Sie sich einen \u00dcberblick \u00fcber bereits ver\u00f6ffentlichte &hellip; <a href=\"https:\/\/www.meister-der-mandoline.de\/\" class=\"more-link\"><span class=\"screen-reader-text\">HOME<\/span> weiterlesen <span class=\"meta-nav\">&rarr;<\/span><\/a><\/p>\n","protected":false},"author":3,"featured_media":0,"parent":0,"menu_order":1,"comment_status":"closed","ping_status":"closed","template":"","meta":{"footnotes":""},"class_list":["post-2","page","type-page","status-publish","hentry"],"_links":{"self":[{"href":"https:\/\/www.meister-der-mandoline.de\/index.php?rest_route=\/wp\/v2\/pages\/2","targetHints":{"allow":["GET"]}}],"collection":[{"href":"https:\/\/www.meister-der-mandoline.de\/index.php?rest_route=\/wp\/v2\/pages"}],"about":[{"href":"https:\/\/www.meister-der-mandoline.de\/index.php?rest_route=\/wp\/v2\/types\/page"}],"author":[{"embeddable":true,"href":"https:\/\/www.meister-der-mandoline.de\/index.php?rest_route=\/wp\/v2\/users\/3"}],"replies":[{"embeddable":true,"href":"https:\/\/www.meister-der-mandoline.de\/index.php?rest_route=%2Fwp%2Fv2%2Fcomments&post=2"}],"version-history":[{"count":47,"href":"https:\/\/www.meister-der-mandoline.de\/index.php?rest_route=\/wp\/v2\/pages\/2\/revisions"}],"predecessor-version":[{"id":899,"href":"https:\/\/www.meister-der-mandoline.de\/index.php?rest_route=\/wp\/v2\/pages\/2\/revisions\/899"}],"wp:attachment":[{"href":"https:\/\/www.meister-der-mandoline.de\/index.php?rest_route=%2Fwp%2Fv2%2Fmedia&parent=2"}],"curies":[{"name":"wp","href":"https:\/\/api.w.org\/{rel}","templated":true}]}}